/2 + 20*i - 1271. Give v(2).
-6
Let r(v) = 4226*v - 4217*v - 1 - 3*v**2 + v**2 + 5*v**2. Give r(3).
53
Let r(u) = -4*u**3 - 3*u**2 + 3*u - 7. Let t = 25 + -22. Let b(h) = -2*h**t - 2526*h**2 + 2 + 3*h**3 - h + 2527*h**2. Let o(s) = 7*b(s) + 2*r(s). Give o(0).
0
Let y(o) = o + 0 - 42*o**3 - 3 + 5*o**2 - 2*o + 41*o**3. Let v be y(5). Let q = v + 10. Let k(n) = -2*n**2 - 2*n + 3. Calculate k(q).
-9
Let b(o) = -48*o - 581. Let n be b(-12). Let k(a) = -3*a - 14. What is k(n)?
1
Let c = 247 - 243. Let d(y) = -1. Let f(l) = 3*l**3 + l**2 + 2*l - 3. Let m(i) = c*d(i) - f(i). Give m(-1).
3
Let n(r) be the third derivative of r**6/120 - r**5/30 - r**4/8 + 7*r**3 + r**2 + 2250*r. Give n(0).
42
Let l = -2 - -6. Suppose c + 1 = -l. Let d(f) = -40*f - 1 - 78*f + 120*f. Calculate d(c).
-11
Let z(u) be the second derivative of u**4/12 + 5*u**3/3 - 5*u**2 + u - 3338. What is z(-11)?
1
Let p(y) = -y**2 + 3*y + 78. Let n = -7514 + 7514. Determine p(n).
78
Let l(b) = -69*b - 20. Let j(p) = 25*p + 7. Let w(o) = -11*j(o) - 4*l(o). Let u(k) = -8*k**2 + 1. Let a be u(-1). Calculate w(a).
-4
Let a(c) be the third derivative of -c**5/60 - c**4/3 + 26*c**3 + 4106*c**2. What is a(0)?
156
Let i = -101 + 106. Suppose 2*n - 4*f - 14 = 0, -4*f - 5 = i*n + 2. Let b(d) = 18*d**2 + 2*d - 1. Calculate b(n).
19
Let k(s) be the first derivative of -s**4/24 + 26*s**2 - 16. Let c(q) be the second derivative of k(q). Suppose -1 = -2*i + 7. What is c(i)?
-4
Let a be 2 + (-3 - -5) + 20. Let v(f) = 29 + 6*f - 16*f**2 + f**3 + 5*f - a + 7*f - 4*f. What is v(15)?
-10
Suppose 2*y + 8 = -4*o, -y - 4*o - 19 + 9 = 0. Let u(r) = -r**2 + 9*r - 9. What is u(y)?
5
Suppose c = 4*l - 26, 4*l + 5*c - 12 - 26 = 0. Let d(b) be the third derivative of b**4/8 + 7*b**3/6 - 4*b**2 - 136*b. Determine d(l).
28
Let r(i) = -i**2 - 11*i - 19. Let m be r(-6). Let z(n) be the second derivative of n**5/20 - n**4 + 11*n**3/6 + 5*n**2/2 + 5*n - 23. Calculate z(m).
5
Let r(o) = -o**3 + 30*o**2 - 2*o - 39. Let x(z) = 8*z**2 - z - 10. Let j(s) = 2*r(s) - 9*x(s). Give j(-6).
-18
Let i(v) = 74*v - 2 + 33 - 13*v - 62*v. Calculate i(16).
15
Let u(v) = 7 + v - 32 + 16 + 15. Let g(j) = j + 4. Let y be g(-4). Suppose 0 = 5*x - y*x. Give u(x).
6
Let a(c) = 4*c**2 + 100*c - 25. Let u(b) = -3*b**2 - 78*b + 19. Let k(y) = -7*a(y) - 9*u(y). Let g(v) = -v**2 - v + 4. Let x be g(0). What is k(x)?
-4
Let c(s) = -s**3 - 7*s**2 + 7*s. Let r be (-672)/(-5) + (-2)/(-15)*-3. Suppose 9*g - 62 = -r. Determine c(g).
8
Let c be (-24)/2 + 1*9. Let i(b) = 5*b + 6. Let t(z) = -6*z - 7. Let f(j) = 5*i(j) + 4*t(j). Give f(c).
-1
Let v = 9 + -74. Let q be (0 + 1)/((v/10)/13). Let r(a) = -3*a**3 - 2*a**2 + a + 2. Calculate r(q).
16
Let o(i) = 5*i**3 + 3*i**2 - 7*i + 6. Let z(d) = -547*d - 7657. Let v be z(-14). What is o(v)?
7
Let f(z) be the third derivative of 19*z**4/24 + 65*z**3/6 + 2*z**2 - 878. Calculate f(-3).
8
Let s(o) = 2*o + o + 11*o**3 - 2*o. Suppose 1731*f = 4100 - 2369. Give s(f).
12
Let q(z) = 768*z - 827*z + z**2 + z**3 + 10 + 3 - 1. Give q(7).
-9
Let p be (5 + 0)*204/34. Suppose 12*r - 17*r = -p. Let k(t) = -t + 4. Calculate k(r).
-2
Let s be 1 + 17/(-11) - (-180)/(-396). Let n(f) = f**2 + f - 1. Let y(a) = -8*a**3 + 2*a**2 + 4*a - 3. Let b(r) = 4*n(r) - y(r). Calculate b(s).
-7
Let y(k) = 15*k**2 + k + 1. Suppose 138*h + 10 = 128*h. Calculate y(h).
15
Let h(g) = -15*g + 255. Let v be h(25). Let x be (-4)/v*6*-35. Let b(d) = 3*d + 11. Let r(l) = 5*l + 16. Let y(c) = 7*b(c) - 5*r(c). Calculate y(x).
25
Let r = 0 + -4. Let d(o) = 14*o**3 + 26*o**2 + 43*o + 15. Let i(w) = 5*w**3 + 9*w**2 + 15*w + 5. Let k(g) = 4*d(g) - 11*i(g). Give k(r).
-7
Let c(o) = o**3 + 24*o**2 + 4*o - 11. Let f(w) = 4*w**2 + w. Let r(t) = -c(t) + 3*f(t). What is r(-12)?
23
Let u be (-12)/42 + (-44)/(-7) + -1. Suppose 300 = u*g - 10. Let n = -68 + g. Let i(w) = w**3 + 7*w**2 + 6*w + 6. What is i(n)?
6
Let n(d) = 33*d**3 + 1. Let l = 924 + -1713. Let m = -790 - l. What is n(m)?
-32
Let r(m) = 23*m**2 + 3*m + m**3 - 38*m**2 + 11*m**2 - 1 - 1. Suppose x + 4 = 2*x. Give r(x).
10
Let i(t) = -t**3 + 6*t**2 - 7*t + 5. Let k be i(5). Let s(v) = -v - 79 + 24 - 4*v + 49. What is s(k)?
19
Let v(i) be the first derivative of -3*i**2/2 - 5*i - 5. Let r be (1 - -15)*(-66)/132. What is v(r)?
19
Let x = 0 + 11. Let l(g) be the third derivative of 0*g - 2*g**3 + 1/24*g**4 + 0 - 123*g**2. Give l(x).
-1
Let w(f) be the first derivative of -1/2*f**4 + 3*f - 146 + 17/3*f**3 - 9/2*f**2. What is w(8)?
-5
Let m = -75927 + 75926. Let a(w) = -4*w**2 + 3*w**2 + w - 4*w**2. Calculate a(m).
-6
Let p(x) = x**3 - x**2 - x + 2. Let h = -10 - -34. Let a(l) = -h + 40 + l**2 - 20 + l. Let y be a(-3). Calculate p(y).
4
Let p(l) be the second derivative of -l**5/20 - 11*l**4/12 - 4*l**3 - 149*l**2/2 - 133*l - 15. Determine p(-10).
-9
Suppose -68 + 40 = -2*c. Suppose -c = 14*b + 56. Let d(l) = l**2 + 2*l + 1. Determine d(b).
16
Let o(p) = 4*p**2 + 3*p. Let w(k) = 12*k**2 + 7*k. Let m = -171 + 168. Let b(x) = m*w(x) + 8*o(x). Give b(2).
-10
Let c(w) = 3*w + 2. Suppose -4*t = 4*p, -4*p = -2*t - 3*p. Suppose 45 = -5*k - t*k. Calculate c(k).
-25
Let x(t) = t**3 + 16*t**2 - t - 23. Let u(k) = -1. Suppose 73*b = 81*b - 24. Let m(f) = b*u(f) - x(f). Calculate m(-16).
4
Let c(o) be the third derivative of -o**4/6 + 5*o**3/3 - 185*o**2. Calculate c(5).
-10
Let w(f) = -4*f**3 - 4*f**2 + 2*f + 4. Let x(g) = g**3. Let j(n) = -w(n) - 5*x(n). Let k(y) = 3*y - 6. Let h = 13 - 10. Let i be k(h). Determine j(i).
-1
Suppose -2*j - 6 = 2*m, 316*m - 317*m - 8 = 0. Let y(o) = 47*o - 237. What is y(j)?
-2
Suppose -154 = -2*a + 2*l - 5*l, -2*a = -4*l - 154. Let j(i) = a - 154 - 5*i + 90. Let y be j(3). Let w(r) = -r**3 + 4*r + 3. What is w(y)?
3
Let j(p) = -124*p**3 - 60 + 3*p + 123*p**3 + 7*p**2 + 19 + 21. Calculate j(7).
1
Suppose -k - 118*g + 14 = -119*g, -2*k + g = -24. Let l(r) = -2*r**2 + 20*r - 27. Give l(k).
-27
Let j(p) be the second derivative of 2*p**3 + 21*p**2/2 - 24*p + 2. Calculate j(5).
81
Suppose 58*u + 179 = -21*u - 58. Let s(d) = -d**2 - 3*d + 4. What is s(u)?
4
Let x be (5944/56 - 8) + 2/(-14). Suppose 6*v = 86 - x. Let c(f) = -8*f - 3. Determine c(v).
13
Let h(j) = -3*j + 3. Let f = 18 - 3. Let p = f - 10. Give h(p).
-12
Let w(s) be the second derivative of 0*s**2 - 1/20*s**5 + 0 - 2/3*s**3 - 209*s - 5/12*s**4. Determine w(-4).
0
Let s be ((-17)/3)/(1 + 12/(-9)). Suppose 0 = -s*w + 15*w - 8. Let x(b) = b**2 + 3*b + 2. Calculate x(w).
6
Let r(y) = -31*y + 1. Let j(f) = 7*f - 29. Let p be j(5). Let z(b) = -57*b + 1. Let t(u) = p*z(u) - 11*r(u). What is t(5)?
-10
Let q(m) = 40*m + 13. Let l(y) = -14*y - 17. Let o(x) = 14*x + 15. Let j(b) = -5*l(b) - 6*o(b). Let p(r) = 17*j(r) + 6*q(r). Determine p(3).
-1
Let p be 6/15*(-980)/56. Let i(s) = -2*s - 10. Determine i(p).
4
Let n be ((-10)/(-75))/((-8)/(-120)). Suppose 156*m + n = 157*m. Let t(l) = -l**3 - l**2 + l. Give t(m).
-10
Let x be 955/45 - (-4)/(-18). Let n be 40/(-16)*76/(-5). Let z(q) = -q - n + 13 + x. Give z(5).
-9
Let v = 8 - 6. Let q(z) = -50*z. Let s(w) = -248*w - 1. Let b(n) = -10*q(n) + 2*s(n). Give b(v).
6
Let y(s) be the first derivative of -s**7/420 + s**6/360 - s**4/24 + 43*s**3/3 - 39. Let p(a) be the third derivative of y(a). Suppose 3 - 2 = -z. Give p(z).
2
Let o = -209 - -138. Let t = o + 79. Let c(i) = -11 + 35 - t + 5*i - 13. Calculate c(-3).
-12
Let x(h) = 6*h - 34*h + 2 + 19*h + 0 - h**2 + 2*h + 13*h. Let f(u) = -7*u - 1. Let g be f(-1). What is x(g)?
2
Let h(p) be the third derivative of p**6/240 + 5*p**5/24 + 155*p**4/24 + 151*p**2. Let o(j) be the second derivative of h(j). Determine o(-9).
-2
Let w(a) = -248*a + 110. Let i(u) = -70*u + 37. Let l(r) = 7*i(r) - 2*w(r). Give l(-9).
-15
Let x(t) = 2*t**2 + 5*t - 2. Let r(g) = -6*g**2 - 30*g + 19. Let d(u) = r(u) + 5*x(u). What is d(-5)?
134
Let i(l) be the first derivative of -l**4/4 + 11*l**3/3 - 9*l**2 + 94*l + 4776. Give i(10).
14
Let f(r) = -4*r - 4*r - 1 + 3*r + 3*r. Let h(o) = -2*o**3 - 4*o**2 - 4*o - 2. Let a be h(-3). Let p be 23/(-7) + a/98. Give f(p).
5
Let m(p) be the second derivative of -p**5/20 - 2*p**4/3 - 3*p**3/2 - 5*p**2/2 - 39180*p. Let u = 4 + -11. Calculate m(u).
9
Let l(z) = -22*z. Let o(r) = -r. Let m(n) = -l(n) + 44*o(n). Suppose -2*a - 5*d - 56 = -a, 